
What is -260471 (base 9) in base 2?
-100110100010011100
Convert 44404311 (base 5) to base 12.
168701
What is 112542235 (base 6) in base 10?
2097455
Convert -cb1a (base 14) to base 6.
-430312
Convert -101110010111101111101 (base 2) to base 6.
-52322353
What is 6696cc (base 13) in base 14?
46dd4b
Convert 21176321 (base 8) to base 10.
4521169
-75220 (base 9) to base 7
-265023
Convert 64346 (base 10) to base 16.
fb5a
Convert 22504735 (base 8) to base 16.
4a89dd
What is 300706 (base 10) in base 4?
1021122202
d883b1 (base 16) to base 12
4903615
-816434 (base 12) to base 7
-23122066
16436164 (base 7) to base 14
2db3db
-102102112331 (base 4) to base 7
-55514030
23303164 (base 7) to base 8
7646772
Convert 262526 (base 10) to base 2.
1000000000101111110
Convert 5312310 (base 6) to base 16.
3f192
cf89 (base 16) to base 2
1100111110001001
Convert -533110 (base 7) to base 2.
-10110100010100011
547 (base 16) to base 15
601
What is 1cd8f (base 16) in base 10?
118159
Convert 101000110001000100011 (base 2) to base 5.
320221333
-2014444 (base 6) to base 4
-113112130
Convert -157046 (base 11) to base 14.
-64ad9
221443304 (base 5) to base 13
27bb31
What is -12010011100 (base 3) in base 5?
-11210334
Convert -1644411 (base 7) to base 2.
-111000000100100111
11102b (base 12) to base 4
1002033203
What is -143488 (base 9) in base 16?
-1574c
286c0 (base 15) to base 4
133223310
112111221020210 (base 3) to base 9
15457223
Convert 349554 (base 16) to base 13.
938718
What is -5a10 (base 13) in base 12?
-7414
What is -4031443 (base 5) in base 14?
-1979d
What is 45436234 (base 7) in base 16?
3c68f5
What is 3520544 (base 9) in base 7?
22114333
What is 267279 (base 11) in base 10?
419593
What is 601846 (base 9) in base 6?
11342453
What is -195552 (base 14) in base 7?
-10431032
What is -423041 (base 13) in base 6?
-53111002
Convert 551524 (base 11) to base 14.
18cbd4
Convert -4431 (base 11) to base 6.
-43014
41545423 (base 8) to base 9
17553635
Convert -33210472 (base 8) to base 5.
-3312212314
What is 30221012020 (base 4) in base 2?
1100101001000110001000
What is 1020011112120 (base 3) in base 9?
1204476
-55159 (base 13) to base 15
-3098d
Convert -3222401 (base 6) to base 3.
-22001200101
3232022213 (base 4) to base 5
222204102
Convert -10011011010011100 (base 2) to base 10.
-79516
104723c (base 13) to base 16
4ba295
Convert -32322223221 (base 4) to base 16.
-3baae9
1717448 (base 11) to base 9
5445145
Convert -16b453b (base 13) to base 6.
-422051205
-12033311222 (base 4) to base 3
-10002012112222
-470080 (base 9) to base 4
-1010321103
5563455 (base 9) to base 7
34310651
Convert 40213420 (base 5) to base 6.
10504500
Convert -3ca02 (base 14) to base 11.
-a288a
7338692 (base 10) to base 8
33775304
121320031002 (base 4) to base 16
678342
Convert 53123454 (base 6) to base 3.
2220210100121
What is 2011222022211 (base 3) in base 8?
4333146
What is -320005215 (base 6) in base 15?
-759358
Convert -20021101101221 (base 3) to base 7.
-40224103
-10110000000111010001001 (base 2) to base 14
-aa3145
12001122 (base 5) to base 10
109537
What is 111011321 (base 4) in base 8?
250571
What is 4189 (base 14) in base 13?
51a9
Convert 14acc4 (base 15) to base 7.
11326051
Convert -3220102023 (base 4) to base 7.
-11041602
What is -422031 (base 5) in base 7?
-55602
1001101001000110110 (base 2) to base 10
315958
1722730 (base 9) to base 5
221204313
Convert 16301366 (base 7) to base 4.
12001311230
What is 130932 (base 16) in base 3?
2100101022010
12111222110 (base 3) to base 13
3a584
Convert -513777 (base 8) to base 12.
-82453
Convert 23021132030 (base 4) to base 11.
171669a
What is 4110036 (base 7) in base 11?
305021
20235815 (base 9) to base 13
201b9c3
What is 1630a14 (base 12) in base 3?
22112210022221
What is 110211203101 (base 4) in base 16?
5258d1
What is 2303320113 (base 4) in base 12?
2b6473
Convert 860124 (base 9) to base 16.
7cf75
Convert 3352031 (base 7) to base 15.
8343b
-1267366 (base 9) to base 11
-434712
-11a9504 (base 11) to base 3
-10221021011001
34200 (base 12) to base 11
48169
Convert 598571 (base 16) to base 6.
325425225
-9b2642 (base 13) to base 15
-4c4c4a
-223111012322 (base 4) to base 2
-101011010101000110111010
Convert 13101122113 (base 4) to base 11.
1092285
What is -4434141 (base 6) in base 8?
-662515
What is 20232200211 (base 4) in base 15?
302c53
What is -1021110002021 (base 3) in base 7?
-5522524
What is 4233211 (base 8) in base 9?
2108374
Convert 242002414 (base 5) to base 9.
2104628
What is -3123076 (base 8) in base 3?
-1120010011100
What is -a841 (base 11) in base 9?
-21574
315898 (base 13) to base 14
220c50
120201120210 (base 3) to base 5
34401042
Convert 545203 (base 6) to base 14.
1269d
What is -75632 (base 11) in base 3?
-12120202111
What is -504057 (base 9) in base 4?
-1020303211
Convert 200968 (base 13) to base 12.
2ba801
-31db6 (base 15) to base 3
-22001012200
Convert 1500553 (base 7) to base 15.
3ec97
-32302443 (base 6) to base 10
-957051
10100111111100010110010 (base 2) to base 5
2402100104
Convert -3bb26 (base 14) to base 5.
-14210442
Convert -33461710 (base 8) to base 3.
-111121112212121
Convert 591746 (base 10) to base 2.
10010000011110000010
-6482504 (base 11) to base 4
-223131232301
72395c (base 14) to base 5
1441223203
c24ef (base 16) to base 12
3246bb
What is -8d007 (base 15) in base 13?
-129415
2cc20e (base 15) to base 11
1250295
Convert 12203ec (base 15) to base 3.
220111001110020
99cca (base 15) to base 4
1313112322
Convert a4390 (base 11) to base 5.
14332241
222311302103 (base 4) to base 12
391706b
Convert -1650 (base 13) to base 2.
-110011001100
What is -13100231221 (base 4) in base 16?
-1d0b69
Convert 3515b (base 13) to base 15.
1daad
Convert -3053515 (base 6) to base 8.
-437527
-836313 (base 10) to base 5
-203230223
What is 100000001001110110000011 (base 2) in base 4?
200021312003
Convert -611160 (base 8) to base 16.
-31270
Convert 843556 (base 10) to base 16.
cdf24
What is 10792d (base 14) in base 16?
886f5
What is 54682 (base 10) in base 8?
152632
698a6 (base 14) to base 11
166021
What is -644301 (base 7) in base 8?
-332536
Convert 65353 (base 8) to base 14.
9d91
Convert -3014021334 (base 5) to base 12.
-20150a5
What is 32593a (base 13) in base 11?
739250
89b (base 15) to base 2
11110011010
-20c3810 (base 13) to base 10
-10004306
Convert -3146424 (base 7) to base 13.
-104922
21220012111 (base 3) to base 13
5598a
Convert -34ac (base 15) to base 9.
-16310
What is -178856 (base 10) in base 15?
-37edb
What is 101010010010101011011 (base 2) in base 4?
11102111123
3112220230 (base 4) to base 10
879148
23ca7 (base 16) to base 2
100011110010100111
Convert -35d8 (base 16) to base 11.
-a3a1
-203461315 (base 7) to base 10
-11964685
What is -448827 (base 13) in base 15?
-21e7bc
What is 39620 (base 12) in base 4?
103030320
-11004403 (base 5) to base 3
-11210102120
Convert 499a71 (base 12) to base 5.
301332104
11000000101010010 (base 2) to base 4
120011102
Convert -1001121101210 (base 3) to base 14.
-1092bd
Convert -1354212 (base 8) to base 5.
-44224424
-14d2b (base 16) to base 3
-11022222221
What is ec4854 (base 16) in base 10?
15485012
Convert -265573 (base 8) to base 6.
-1554443
What is 215152 (base 8) in base 2?
10001101001101010
Convert -68720 (base 9) to base 10.
-45783
What is -1bd16 (base 14) in base 16?
-11600
What is -1100111010101001001 (base 2) in base 14?
-b0357
What is 557761 (base 10) in base 3?
1001100002211
Convert 1330003020 (base 4) to base 8.
1740310
What is 13304403 (base 6) in base 5?
103203433
What is 200264 (base 7) in base 4?
20033132
Convert 408bb0 (base 13) to base 3.
2211110010111
What is -a795 (base 15) in base 9?
-53575
296012 (base 11) to base 4
1300300232
Convert 13578242 (base 9) to base 10.
6724496
-17c91 (base 14) to base 9
-101401
1021202020122 (base 3) to base 12
28b9a5
-2226362 (base 7) to base 15
-56b78
What is 2264a (base 14) in base 11?
57866
Convert 4302305 (base 6) to base 2.
110011011001000001
What is -3738128 (base 9) in base 2?
-111110000011010001000
What is -268770 (base 9) in base 16?
-28056
What is -101111001100101 (base 2) in base 4?
-11321211
Convert -806096 (base 11) to base 2.
-100111100100001110011
Convert -2102022110121 (base 3) to base 14.
-256703
Convert 1000100001111001 (base 2) to base 10.
34937
What i